{"id":147,"date":"2018-06-07T07:31:24","date_gmt":"2018-06-07T07:31:24","guid":{"rendered":"http:\/\/kimloaihungcuong.com\/?page_id=147"},"modified":"2018-06-18T08:27:18","modified_gmt":"2018-06-18T08:27:18","slug":"inox-316","status":"publish","type":"page","link":"https:\/\/kimloaihungcuong.com\/?page_id=147","title":{"rendered":"Inox 316"},"content":{"rendered":"<p>Inox 316 l\u00e0 lo\u1ea1i Inox ch\u1ee9a molypden ti\u00eau chu\u1ea9n, n\u00f3 ph\u1ed5 bi\u1ebfn th\u1ee9 hai trong c\u00e1c lo\u1ea1i inox sau Inox 304 trong s\u1ed1 c\u00e1c lo\u1ea1i th\u00e9p kh\u00f4ng g\u1ec9 d\u00f2ng Austenitic. Molyp\u0111en l\u00e0m cho 316 ch\u1ed1ng \u0103n m\u00f2n t\u1ed5ng th\u1ec3 t\u1ed1t h\u01a1n, kh\u1ea3 n\u0103ng ch\u1ecbu m\u00f2n t\u1ed1t h\u01a1n 304, \u0111\u1eb7c bi\u1ec7t l\u00e0 \u0111\u1ec1 kh\u00e1ng cao h\u01a1n v\u1edbi c\u00e1c v\u1ebft r\u1ed7 v\u00e0 k\u1ebd h\u1edf \u0103n m\u00f2n trong m\u00f4i tr\u01b0\u1eddng clorua. Kh\u1ea3 n\u0103ng h\u00e0n c\u1ee7a Inox 316 \/ 316L l\u00e0 tuy\u1ec7t v\u1eddi. N\u00f3 l\u00e0 d\u1ec5 d\u00e0ng gia c\u00f4ng \u0111\u1ec3 t\u1ea1o th\u00e0nh m\u1ed9t lo\u1ea1t c\u00e1c b\u1ed9 ph\u1eadn cho c\u00e1c \u1ee9ng d\u1ee5ng trong, c\u00e1c l\u0129nh v\u1ef1c ki\u1ebfn tr\u00fac, giao th\u00f4ng v\u1eadn t\u1ea3i v\u00e0 c\u00f4ng nghi\u1ec7p. Inox 316 c\u00f3 kh\u1ea3 n\u0103ng h\u00e0n xu\u1ea5t s\u1eafc n\u00ean kh\u00f4ng c\u1ea7n x\u1eed l\u00fd nhi\u1ec7t m\u1ed1i h\u00e0n tr\u01b0\u1edbc v\u00e0 sau khi h\u00e0n.<\/p>\n","protected":false},"excerpt":{"rendered":"<p>Inox 316 l\u00e0 lo\u1ea1i Inox ch\u1ee9a molypden ti\u00eau chu\u1ea9n, n\u00f3 ph\u1ed5 bi\u1ebfn th\u1ee9 hai trong c\u00e1c lo\u1ea1i inox sau Inox 304 trong s\u1ed1 c\u00e1c lo\u1ea1i th\u00e9p kh\u00f4ng g\u1ec9 d\u00f2ng Austenitic. Molyp\u0111en l\u00e0m cho 316 ch\u1ed1ng \u0103n m\u00f2n t\u1ed5ng th\u1ec3 t\u1ed1t h\u01a1n, kh\u1ea3 n\u0103ng ch\u1ecbu m\u00f2n t\u1ed1t h\u01a1n 304, \u0111\u1eb7c bi\u1ec7t l\u00e0 \u0111\u1ec1 kh\u00e1ng cao h\u01a1n [&hellip;]<\/p>\n","protected":false},"author":1,"featured_media":0,"parent":0,"menu_order":0,"comment_status":"closed","ping_status":"closed","template":"","meta":{"amp_status":"","footnotes":""},"_links":{"self":[{"href":"https:\/\/kimloaihungcuong.com\/index.php?rest_route=\/wp\/v2\/pages\/147"}],"collection":[{"href":"https:\/\/kimloaihungcuong.com\/index.php?rest_route=\/wp\/v2\/pages"}],"about":[{"href":"https:\/\/kimloaihungcuong.com\/index.php?rest_route=\/wp\/v2\/types\/page"}],"author":[{"embeddable":true,"href":"https:\/\/kimloaihungcuong.com\/index.php?rest_route=\/wp\/v2\/users\/1"}],"replies":[{"embeddable":true,"href":"https:\/\/kimloaihungcuong.com\/index.php?rest_route=%2Fwp%2Fv2%2Fcomments&post=147"}],"version-history":[{"count":0,"href":"https:\/\/kimloaihungcuong.com\/index.php?rest_route=\/wp\/v2\/pages\/147\/revisions"}],"wp:attachment":[{"href":"https:\/\/kimloaihungcuong.com\/index.php?rest_route=%2Fwp%2Fv2%2Fmedia&parent=147"}],"curies":[{"name":"wp","href":"https:\/\/api.w.org\/{rel}","templated":true}]}}