{"id":143,"date":"2018-06-07T07:31:00","date_gmt":"2018-06-07T07:31:00","guid":{"rendered":"http:\/\/kimloaihungcuong.com\/?page_id=143"},"modified":"2018-06-18T08:26:27","modified_gmt":"2018-06-18T08:26:27","slug":"inox-304","status":"publish","type":"page","link":"http:\/\/kimloaihungcuong.com\/?page_id=143","title":{"rendered":"Inox 304"},"content":{"rendered":"<p>Inox 304 l\u00e0 m\u1ed9t lo\u1ea1i Inox thu\u1ed9c h\u1ecd th\u00e9p kh\u00f4ng g\u1ec9 Austenit. Ch\u1ee9a kho\u1ea3ng 18-20% Cr, 8-10.5% Ni v\u00e0 m\u1ed9t s\u1ed1 nguy\u00ean t\u1ed1 h\u00f3a h\u1ecdc kh\u00e1c nh\u01b0 C, Mn, Si, P, S, N\u2026,\u0110\u01b0\u1ee3c ph\u1ed5 bi\u1ebfn v\u00e0 \u01b0a chu\u1ed9ng nh\u1ea5t hi\u1ec7n nay tr\u00ean th\u1ebf gi\u1edbi. Inox 304 chi\u1ebfm \u0111\u1ebfn 50% l\u01b0\u1ee3ng th\u00e9p kh\u00f4ng g\u1ec9 \u0111\u01b0\u1ee3c s\u1ea3n xu\u1ea5t tr\u00ean to\u00e0n c\u1ea7u. V\u00e0 \u1edf \u00dac th\u00ec con s\u1ed1 n\u00e0y dao \u0111\u1ed9ng t\u1eeb 50%-60% l\u01b0\u1ee3ng th\u00e9p kh\u00f4ng g\u1ec9 \u0111\u01b0\u1ee3c ti\u00eau th\u1ee5. Inox 304 \u0111\u01b0\u1ee3c s\u1eed d\u1ee5ng trong h\u1ea7u h\u1ebft c\u00e1c \u1ee9ng d\u1ee5ng \u1edf m\u1ecdi l\u0129nh v\u1ef1c. B\u1ea1n c\u00f3 th\u1ec3 th\u1ea5y inox 304 \u1edf m\u1ecdi n\u01a1i xung quanh cu\u1ed9c s\u1ed1ng h\u00e0ng ng\u00e0y c\u1ee7a b\u1ea1n nh\u01b0: Xoong, ch\u1ea3o, n\u1ed3i, th\u00eca, n\u0129a, b\u00e0n, gh\u1ebf, \u0111\u1ed3 trang tr\u00ed\u2026<\/p>\n<p><img loading=\"lazy\" decoding=\"async\" class=\"alignnone size-full wp-image-282\" src=\"http:\/\/kimloaihungcuong.com\/wp-content\/uploads\/2018\/06\/304-1.png\" alt=\"\" width=\"610\" height=\"300\" srcset=\"http:\/\/kimloaihungcuong.com\/wp-content\/uploads\/2018\/06\/304-1.png 610w, http:\/\/kimloaihungcuong.com\/wp-content\/uploads\/2018\/06\/304-1-300x148.png 300w, http:\/\/kimloaihungcuong.com\/wp-content\/uploads\/2018\/06\/304-1-324x160.png 324w, http:\/\/kimloaihungcuong.com\/wp-content\/uploads\/2018\/06\/304-1-533x261.png 533w\" sizes=\"(max-width: 610px) 100vw, 610px\" \/><\/p>\n<p>T\u00f9y theo h\u00e0m l\u01b0\u1ee3ng Carbon m\u00e0 Inox 304 c\u00f2n \u0111\u01b0\u1ee3c ph\u00e2n lo\u1ea1i them 304L v\u00e0 304H.<br \/>\nInox 304L l\u00e0 lo\u1ea1i inox c\u00f3 h\u00e0m l\u01b0\u1ee3ng Carbon th\u1ea5p (Ch\u1eef L k\u00fd hi\u1ec7u cho ch\u1eef Low, trong ti\u1ebfng Anh ngh\u0129a l\u00e0 th\u1ea5p).304L \u0111\u01b0\u1ee3c d\u00f9ng \u0111\u1ec3 tr\u00e1nh s\u1ef1 \u0103n m\u00f2n \u1edf nh\u1eefng m\u1ed1i h\u00e0n quan tr\u1ecdng. C\u00f2n lo\u1ea1i Inox 304H l\u00e0 lo\u1ea1i c\u00f3 h\u00e0m l\u01b0\u1ee3ng Carbon cao h\u01a1n 304L, \u0111\u01b0\u1ee3c d\u00f9ng \u1edf nh\u1eefng n\u01a1i \u0111\u00f2i h\u1ecfi \u0111\u1ed9 b\u1ec1n cao h\u01a1n. C\u1ea3 Inox 304L v\u00e0 304H \u0111\u1ec1u t\u1ed3n t\u1ea1i \u1edf d\u1ea1ng cu\u1ed9n, t\u1ea5m, \u1ed1ng, l\u00e1p, h\u1ed9p, d\u00e2y v\u00e0 ph\u1ee5 ki\u1ec7n nh\u01b0ng 304H th\u00ec \u00edt \u0111\u01b0\u1ee3c s\u1ea3n xu\u1ea5t h\u01a1n.<\/p>\n<p>Ngo\u00e0i ra c\u00f2n c\u00f3 m\u1ed9t s\u1ed1 lo\u1ea1i Inox kh\u00e1c nh\u01b0 : 304DDQ, 304LN\u2026..<\/p>\n<table style=\"border-collapse: collapse; width: 85.8993%; height: 38px;\" border=\"1\">\n<tbody>\n<tr>\n<td style=\"width: 47.2283%;\"><img loading=\"lazy\" decoding=\"async\" class=\"alignnone size-full wp-image-283\" src=\"http:\/\/kimloaihungcuong.com\/wp-content\/uploads\/2018\/06\/304-2.png\" alt=\"\" width=\"268\" height=\"268\" \/><\/td>\n<td style=\"width: 57.9395%;\">\u00a0\u00a0<img loading=\"lazy\" decoding=\"async\" class=\"alignnone wp-image-284\" src=\"http:\/\/kimloaihungcuong.com\/wp-content\/uploads\/2018\/06\/304-3.png\" alt=\"\" width=\"268\" height=\"250\" \/><\/td>\n<\/tr>\n<\/tbody>\n<\/table>\n<table style=\"border-collapse: collapse; width: 100%;\" border=\"1\">\n<tbody>\n<tr>\n<td style=\"width: 40.3736%;\"><img loading=\"lazy\" decoding=\"async\" class=\"alignnone size-full wp-image-283\" src=\"http:\/\/kimloaihungcuong.com\/wp-content\/uploads\/2018\/06\/304-4.png\" alt=\"\" width=\"268\" height=\"268\" \/><\/td>\n<td style=\"width: 59.6264%;\">\u00a0\u00a0<img loading=\"lazy\" decoding=\"async\" class=\"alignnone size-full wp-image-284\" src=\"http:\/\/kimloaihungcuong.com\/wp-content\/uploads\/2018\/06\/304-5.png\" alt=\"\" width=\"268\" height=\"268\" \/><\/td>\n<\/tr>\n<\/tbody>\n<\/table>\n<table style=\"border-collapse: collapse; width: 100%;\" border=\"1\">\n<tbody>\n<tr style=\"height: 262px;\">\n<td style=\"width: 42.0977%; height: 262px;\"><img loading=\"lazy\" decoding=\"async\" class=\"alignnone wp-image-288\" src=\"http:\/\/kimloaihungcuong.com\/wp-content\/uploads\/2018\/06\/304-7.png\" alt=\"\" width=\"277\" height=\"253\" srcset=\"http:\/\/kimloaihungcuong.com\/wp-content\/uploads\/2018\/06\/304-7.png 314w, http:\/\/kimloaihungcuong.com\/wp-content\/uploads\/2018\/06\/304-7-300x274.png 300w\" sizes=\"(max-width: 277px) 100vw, 277px\" \/><\/td>\n<td style=\"width: 57.9023%; height: 262px;\"><img loading=\"lazy\" decoding=\"async\" class=\"alignnone wp-image-287\" src=\"http:\/\/kimloaihungcuong.com\/wp-content\/uploads\/2018\/06\/304-6.png\" alt=\"\" width=\"267\" height=\"254\" srcset=\"http:\/\/kimloaihungcuong.com\/wp-content\/uploads\/2018\/06\/304-6.png 302w, http:\/\/kimloaihungcuong.com\/wp-content\/uploads\/2018\/06\/304-6-300x286.png 300w\" sizes=\"(max-width: 267px) 100vw, 267px\" \/><\/td>\n<\/tr>\n<\/tbody>\n<\/table>\n<p>T\u00ednh ch\u1ed1ng \u0103n m\u00f2n c\u1ee7a inox 304<\/p>\n<p>Inox 304 \u0111\u00e3 th\u1ec3 hi\u1ec7n \u0111\u01b0\u1ee3c kh\u1ea3 n\u0103ng ch\u1ed1ng \u0103n m\u00f2n tuy\u1ec7t v\u1eddi c\u1ee7a m\u00ecnh khi \u0111\u01b0\u1ee3c ti\u1ebfp x\u00fac v\u1edbi nhi\u1ec1u lo\u1ea1i h\u00f3a ch\u1ea5t kh\u00e1c nhau. Inox 304 c\u00f3 kh\u1ea3 n\u0103ng ch\u1ed1ng g\u1ec9 trong h\u1ea7u h\u1ebft \u1ee9ng d\u1ee5ng c\u1ee7a ng\u00e0nh ki\u1ebfn tr\u00fac, trong h\u1ea7u h\u1ebft c\u00e1c m\u00f4i tr\u01b0\u1eddng c\u1ee7a qu\u00e1 tr\u00ecnh ch\u1ebf bi\u1ebfn th\u1ef1c ph\u1ea9m v\u00e0 r\u1ea5t d\u1ec5 v\u1ec7 sinh. Ngo\u00e0i ra, Inox 304 c\u00f2n th\u1ec3 hi\u1ec7n kh\u1ea3 n\u0103ng ch\u1ed1ng \u0103n m\u00f2n c\u1ee7a m\u00ecnh trong ng\u00e0nh d\u1ec7t nhu\u1ed9m v\u00e0 trong h\u1ea7u h\u1ebft c\u00e1c Acid v\u00f4 c\u01a1.<\/p>\n<p><img loading=\"lazy\" decoding=\"async\" class=\"alignnone size-full wp-image-289\" src=\"http:\/\/kimloaihungcuong.com\/wp-content\/uploads\/2018\/06\/304-8.png\" alt=\"\" width=\"512\" height=\"384\" srcset=\"http:\/\/kimloaihungcuong.com\/wp-content\/uploads\/2018\/06\/304-8.png 512w, http:\/\/kimloaihungcuong.com\/wp-content\/uploads\/2018\/06\/304-8-300x225.png 300w, http:\/\/kimloaihungcuong.com\/wp-content\/uploads\/2018\/06\/304-8-80x60.png 80w, http:\/\/kimloaihungcuong.com\/wp-content\/uploads\/2018\/06\/304-8-265x198.png 265w\" sizes=\"(max-width: 512px) 100vw, 512px\" \/><\/p>\n<p>Kh\u1ea3 n\u0103ng ch\u1ecbu nhi\u1ec7t c\u1ee7a inox 304<br \/>\nInox 304 th\u1ec3 hi\u1ec7n \u0111\u01b0\u1ee3c kh\u1ea3 n\u0103ng oxi h\u00f3a t\u1ed1t \u1edf nhi\u1ec7t \u0111\u1ed9 870 \u0111\u1ed9 C, v\u00e0 ti\u1ebfp t\u1ee5c th\u1ec3 hi\u1ec7n \u0111\u01b0\u1ee3c l\u00ean \u0111\u1ebfn nhi\u1ec7t \u0111\u1ed9 925 \u0111\u1ed9 C Trong nh\u1eefng tr\u01b0\u1eddng h\u1ee3p y\u00eau c\u1ea7u \u0111\u1ed9 b\u1ec1n nhi\u1ec7t cao, th\u00ec ng\u01b0\u1eddi ta y\u00eau c\u1ea7u v\u1eadt li\u1ec7u c\u00f3 h\u00e0m l\u01b0\u1ee3ng carbon cao h\u01a1n. V\u00ed d\u1ee5: Theo ti\u00eau chu\u1ea9n AS1210 Pressure Vessels Code gi\u1edbi h\u1ea1n kh\u1ea3 n\u0103ng ch\u1ecbu nhi\u1ec7t c\u1ee7a\u00a0304L l\u00e0 425 \u0111\u1ed9 C, v\u00e0 c\u1ea5m s\u1eed d\u1ee5ng nh\u1eefng inox 304 v\u1edbi h\u00e0m l\u01b0\u1ee3ng carbon 0.04% ho\u1eb7c cao h\u01a1n tr\u00ean nhi\u1ec7t \u0111\u1ed9 550 \u0111\u1ed9 C.<br \/>\nInox 304 th\u1ec3 hi\u1ec7n kh\u1ea3 n\u0103ng d\u1ebbo dai tuy\u1ec7t v\u1eddi khi \u0111\u01b0\u1ee3c h\u1ea1 \u0111\u1ebfn nhi\u1ec7t \u0111\u1ed9 c\u1ee7a kh\u00ed h\u00f3a l\u1ecfng v\u00e0 ng\u01b0\u1eddi ta \u0111\u00e3 t\u00ecm th\u1ea5y nh\u1eefng \u1ee9ng d\u1ee5ng t\u1ea1i nh\u1eefng nhi\u1ec7t \u0111\u1ed9 n\u00e0y.<\/p>\n<p><img loading=\"lazy\" decoding=\"async\" class=\"alignnone size-full wp-image-329\" src=\"http:\/\/kimloaihungcuong.com\/wp-content\/uploads\/2018\/06\/3.png\" alt=\"\" width=\"681\" height=\"384\" srcset=\"http:\/\/kimloaihungcuong.com\/wp-content\/uploads\/2018\/06\/3.png 681w, http:\/\/kimloaihungcuong.com\/wp-content\/uploads\/2018\/06\/3-300x169.png 300w\" sizes=\"(max-width: 681px) 100vw, 681px\" \/><\/p>\n<p>C\u01a1 t\u00ednh c\u1ee7a inox 304<br \/>\nGi\u1ed1ng nh\u01b0 c\u00e1c lo\u1ea1i th\u00e9p trong d\u00f2ng Austenitic, th\u00ec t\u1eeb t\u00ednh c\u1ee7a Inox 304 l\u00e0 r\u1ea5t y\u1ebfu v\u00e0 h\u1ea7u nh\u01b0 l\u00e0 kh\u00f4ng c\u00f3. Nh\u01b0ng sau khi l\u00e0m vi\u1ec7c trong m\u00f4i tr\u01b0\u1eddng c\u00f3 nhi\u1ec7t \u0111\u1ed9 th\u1ea5p, th\u00ec t\u1eeb t\u00ednh l\u1ea1i r\u1ea5t m\u1ea1nh (\u0111i\u1ec1u n\u00e0y \u0111i ng\u01b0\u1ee3c l\u1ea1i v\u1edbi qu\u00e1 tr\u00ecnh t\u00f4i).<br \/>\nNgo\u00e0i ra, Inox 304 ch\u1ec9 c\u00f3 th\u1ec3 \u0111\u01b0\u1ee3c t\u0103ng c\u1ee9ng trong m\u00f4i tr\u01b0\u1eddng c\u00f3 nhi\u1ec7t \u0111\u1ed9 th\u1ea5p. \u1ee8ng su\u1ea5t \u0111\u00e0n h\u1ed3i cao nh\u1ea5t m\u00e0 Inox 304 c\u00f3 th\u1ec3 \u0111\u1ea1t \u0111\u01b0\u1ee3c l\u00e0 1000MPa \u0111i\u1ec1u n\u00e0y c\u00f2n \u0111\u01b0\u1ee3c \u1ea3nh h\u01b0\u1edfng b\u1edfi c\u00e1c y\u1ebfu t\u1ed1 nh\u01b0 s\u1ed1 l\u01b0\u1ee3ng v\u00e0 h\u00ecnh d\u1ea1ng c\u1ee7a v\u1eadt li\u1ec7u.<\/p>\n<p><img loading=\"lazy\" decoding=\"async\" class=\"alignnone size-full wp-image-330\" src=\"http:\/\/kimloaihungcuong.com\/wp-content\/uploads\/2018\/06\/4.png\" alt=\"\" width=\"615\" height=\"275\" srcset=\"http:\/\/kimloaihungcuong.com\/wp-content\/uploads\/2018\/06\/4.png 615w, http:\/\/kimloaihungcuong.com\/wp-content\/uploads\/2018\/06\/4-300x134.png 300w\" sizes=\"(max-width: 615px) 100vw, 615px\" \/><\/p>\n<p><img loading=\"lazy\" decoding=\"async\" class=\"alignnone size-full wp-image-293\" src=\"http:\/\/kimloaihungcuong.com\/wp-content\/uploads\/2018\/06\/304-12.png\" alt=\"\" width=\"610\" height=\"500\" srcset=\"http:\/\/kimloaihungcuong.com\/wp-content\/uploads\/2018\/06\/304-12.png 610w, http:\/\/kimloaihungcuong.com\/wp-content\/uploads\/2018\/06\/304-12-300x246.png 300w, http:\/\/kimloaihungcuong.com\/wp-content\/uploads\/2018\/06\/304-12-512x420.png 512w\" sizes=\"(max-width: 610px) 100vw, 610px\" \/><\/p>\n<p><img loading=\"lazy\" decoding=\"async\" class=\"alignnone size-full wp-image-331\" src=\"http:\/\/kimloaihungcuong.com\/wp-content\/uploads\/2018\/06\/5.png\" alt=\"\" width=\"699\" height=\"248\" srcset=\"http:\/\/kimloaihungcuong.com\/wp-content\/uploads\/2018\/06\/5.png 699w, http:\/\/kimloaihungcuong.com\/wp-content\/uploads\/2018\/06\/5-300x106.png 300w, http:\/\/kimloaihungcuong.com\/wp-content\/uploads\/2018\/06\/5-696x248.png 696w\" sizes=\"(max-width: 699px) 100vw, 699px\" \/><\/p>\n<p>Inox 304 c\u00f3 kh\u1ea3 n\u0103ng t\u1ea1o h\u00ecnh r\u1ea5t t\u1ed1t, n\u00f3 c\u00f3 th\u1ec3 d\u00e1t m\u1ecfng m\u00e0 kh\u00f4ng c\u1ea7n gia nhi\u1ec7t. \u0110i\u1ec1u n\u00e0y l\u00e0m cho Inox n\u00e0y \u0111\u1ed9c quy\u1ec1n trong l\u0129nh v\u1ef1c s\u1ea3n xu\u1ea5t c\u00e1c chi ti\u1ebft Inox.<br \/>\nV\u00ed d\u1ee5: ch\u1eadu r\u1eeda, ch\u1ea3o, n\u1ed3i\u2026 Ngo\u00e0i ra, t\u00ednh ch\u1ea5t n\u00e0y c\u00f2n l\u00e0m cho Inox 304 \u0111\u01b0\u1ee3c \u1ee9ng d\u1ee5ng l\u00e0m d\u00e2y th\u1eafng trong c\u00f4ng nghi\u1ec7p v\u00e0 c\u00e1c ph\u01b0\u01a1ng ti\u1ec7n nh\u01b0 \u00f4 t\u00f4, xe m\u00e1y, xe \u0111\u1ea1p\u2026<br \/>\nInox 304 th\u1ec3 hi\u1ec7n kh\u1ea3 n\u0103ng h\u00e0n tuy\u1ec7t v\u1eddi, lo\u1ea1i inox n\u00e0y ph\u00f9 h\u1ee3p v\u1edbi t\u1ea5t c\u1ea3 c\u00e1c k\u1ef9 thu\u1eadt h\u00e0n (tr\u1eeb k\u1ef9 thu\u1eadt h\u00e0n gi\u00f3 \u0111\u00e1). Kh\u1ea3 n\u0103ng c\u1eaft g\u1ecdt c\u1ee7a Inox 304 k\u00e9m h\u01a1n so v\u1edbi c\u00e1c lo\u1ea1i th\u00e9p Carbon, khi gia c\u00f4ng v\u1eadt li\u1ec7u n\u00e0y tr\u00ean c\u00e1c m\u00e1y c\u00f4ng c\u1ee5, th\u00ec ph\u1ea3i y\u00eau c\u1ea7u t\u1ed1c \u0111\u1ed9 quay th\u1ea5p, qu\u00e1n t\u00ednh l\u1edbn, d\u1ee5ng c\u1ee5 c\u1eaft ph\u1ea3i c\u1ee9ng, b\u00e9n v\u00e0 kh\u00f4ng qu\u00ean d\u00f9ng n\u01b0\u1edbc l\u00e0m m\u00e1t.<\/p>\n<p><img loading=\"lazy\" decoding=\"async\" class=\"alignnone size-full wp-image-332\" src=\"http:\/\/kimloaihungcuong.com\/wp-content\/uploads\/2018\/06\/6.png\" alt=\"\" width=\"635\" height=\"339\" srcset=\"http:\/\/kimloaihungcuong.com\/wp-content\/uploads\/2018\/06\/6.png 635w, http:\/\/kimloaihungcuong.com\/wp-content\/uploads\/2018\/06\/6-300x160.png 300w\" sizes=\"(max-width: 635px) 100vw, 635px\" \/><\/p>\n<p>&nbsp;<\/p>\n","protected":false},"excerpt":{"rendered":"<p>Inox 304 l\u00e0 m\u1ed9t lo\u1ea1i Inox thu\u1ed9c h\u1ecd th\u00e9p kh\u00f4ng g\u1ec9 Austenit. Ch\u1ee9a kho\u1ea3ng 18-20% Cr, 8-10.5% Ni v\u00e0 m\u1ed9t s\u1ed1 nguy\u00ean t\u1ed1 h\u00f3a h\u1ecdc kh\u00e1c nh\u01b0 C, Mn, Si, P, S, N\u2026,\u0110\u01b0\u1ee3c ph\u1ed5 bi\u1ebfn v\u00e0 \u01b0a chu\u1ed9ng nh\u1ea5t hi\u1ec7n nay tr\u00ean th\u1ebf gi\u1edbi. Inox 304 chi\u1ebfm \u0111\u1ebfn 50% l\u01b0\u1ee3ng th\u00e9p kh\u00f4ng g\u1ec9 \u0111\u01b0\u1ee3c s\u1ea3n [&hellip;]<\/p>\n","protected":false},"author":1,"featured_media":0,"parent":0,"menu_order":0,"comment_status":"closed","ping_status":"closed","template":"","meta":{"amp_status":"","footnotes":""},"_links":{"self":[{"href":"http:\/\/kimloaihungcuong.com\/index.php?rest_route=\/wp\/v2\/pages\/143"}],"collection":[{"href":"http:\/\/kimloaihungcuong.com\/index.php?rest_route=\/wp\/v2\/pages"}],"about":[{"href":"http:\/\/kimloaihungcuong.com\/index.php?rest_route=\/wp\/v2\/types\/page"}],"author":[{"embeddable":true,"href":"http:\/\/kimloaihungcuong.com\/index.php?rest_route=\/wp\/v2\/users\/1"}],"replies":[{"embeddable":true,"href":"http:\/\/kimloaihungcuong.com\/index.php?rest_route=%2Fwp%2Fv2%2Fcomments&post=143"}],"version-history":[{"count":0,"href":"http:\/\/kimloaihungcuong.com\/index.php?rest_route=\/wp\/v2\/pages\/143\/revisions"}],"wp:attachment":[{"href":"http:\/\/kimloaihungcuong.com\/index.php?rest_route=%2Fwp%2Fv2%2Fmedia&parent=143"}],"curies":[{"name":"wp","href":"https:\/\/api.w.org\/{rel}","templated":true}]}}